What is the remainder when x is divided by 192?
190
Let o be 67 - (4 + -3 - (5 - 3)). Suppose -5*b + 3*s - 41 = -146, 2*b + 4*s - o = 0. What is the remainder when 107 is divided by b?
11
What is the remainder when 1719 is divided by ((-651)/(-63) - 12)*(-12)/1?
19
What is the remainder when 374 is divided by (0/1 - 50/7)*2450/(-700)?
24
Suppose -k = 3*i + 3*k - 1088, 740 = 2*i - k. Suppose 0 = -10*f - 6*f + i. Suppose 2*j = -j + 24. Calculate the remainder when f is divided by j.
7
Suppose w + 16*w = 2*w + 570. What is the remainder when 300 is divided by w?
34
Let o(s) = -2*s**3 + 2*s**2 + 1. Calculate the remainder when 7*((-9130)/(-154) + -19) is divided by o(-3).
63
Let w(s) = -3*s - 8. Let m(u) = 6*u + 17. Let i(n) = -2*m(n) - 5*w(n). What is the remainder when i(29) is divided by 1/4 - 127/(-4)?
29
Suppose 4*t - b - b = 1918, 3*t - 1435 = -2*b. Let j(c) = 2*c**2 - 178*c + 872. What is the remainder when t is divided by j(5)?
31
Suppose 0 = -y - 4*p + 14, -3*y + 28 = -y + 3*p. Suppose -y*r = -1385 - 169. Let i = -35 + 54. What is the remainder when r is divided by i?
16
Let t = 17 + -8. Let p(z) = -6*z + 164. Let o(u) = 27. Let m(d) = 5*o(d) - p(d). What is the remainder when m(t) is divided by 7?
4
Let p(a) = -a**2 - 19*a + 4. Let i(w) = w**3 - 3*w**2 - 4*w + 2. Let z be i(5). Let c = -20 + z. What is the remainder when p(-10) is divided by c?
10
Suppose -2*d + 4*o + 428 = 0, 3*d = -6*o + 234 + 372. Calculate the remainder when 723 is divided by d.
99
Let o(a) = -a**2 - 4*a - 29. Let h(f) = 2*f**2 + 8*f + 57. Let p(b) = -4*h(b) - 9*o(b). What is the remainder when 65 is divided by p(-4)?
32
Suppose -22*g = -19*g + 39. Calculate the remainder when 115 is divided by (-524)/(-22) + g/((-572)/8).
19
Suppose -23*y + 34777 = -37558. What is the remainder when 6290 is divided by y?
0
Let h = 68 + -41. Let s = -526 + 816. Let y = s - 183. Calculate the remainder when y is divided by h.
26
Suppose -620 = -4*m + 868. Let n = m - 301. Calculate the remainder when n is divided by 25.
21
Let s = 11258 - 11237. What is the remainder when 8796 is divided by s?
18
Suppose 0 = 18*x - 13*x - 20. Suppose -11 = 3*l + 5*d - 238, -d = -x. Calculate the remainder when l is divided by 105/20*(-32)/(-12).
13
Suppose -4*u + 8 = 0, -2*u + 6*u - 38 = -3*s. Suppose 0 = -8*p + s*p + 10. Let v(j) = -13*j - 24. Calculate the remainder when v(p) is divided by 11.
8
Suppose 12*y + 538 = 17*y - 3*q, 0 = 2*y + 3*q - 211. Suppose 106*z = y*z - 42. Calculate the remainder when z is divided by 24.
18
What is the remainder when 144 + -4 + -2 + 6 is divided by -1*(-174)/(-24)*(-5 + 1)?
28
Let o = -327 - -458. Suppose 359*h + 118*h - 7286 = 10840. Calculate the remainder when o is divided by h.
17
Suppose -10*h + 246 = 66. Suppose -3*j = 3*j - 1962. What is the remainder when j is divided by 400/h - (1 + 14/(-18))?
19
Let v = -47 - -49. Let u(m) = 5*m**3 + 2*m**2 - 4*m + 2. Let b = -51 - -60. What is the remainder when u(v) is divided by b?
6
Let l = -597 - -606. Suppose -4*m = -4*h + 5*h - l, -4*h + m = -121. What is the remainder when 115 is divided by h?
28
Suppose 616*l = 427*l + 1227744. What is the remainder when l is divided by 125?
121
Let a(p) = -7*p + 124. Let v be a(17). Let q = 26 - 16. What is the remainder when q is divided by 195/33 - v/(-55)?
4
Let s = -9985 + 10073. Calculate the remainder when 172 is divided by s.
84
Suppose v - 75 = 103*v - 2931. Calculate the remainder when 2/(-7) + (-331)/(-7) is divided by v.
19
Let b(f) = -f**2 - 14*f + 18. Let j be b(-15). Suppose 4*m + j*k - 3 = 0, -2*m - 2*m - 4*k = 0. What is the remainder when 2*(-18)/3*(-14)/m is divided by 19?
18
Let o(n) = -n**3 + 32*n**2 - 219*n + 1070. Calculate the remainder when 752 is divided by o(24).
330
Suppose b = 2*r + 98 - 304, 3*b = 3*r - 309. Let m = r + 104. What is the remainder when m is divided by 42?
39
Suppose -525*y + 561*y = 17316. Calculate the remainder when y is divided by 56.
33
Let c = -173 - -399. Suppose -40 + c = 2*k. Let y = -1981 - -2005. Calculate the remainder when k is divided by y.
21
Let g = 4308 - 3584. What is the remainder when g is divided by 14?
10
Suppose 5*s - 42 - 38 = -4*r, 0 = -2*r - 2*s + 38. What is the remainder when 1468 is divided by r?
13
Let y be (-4)/(-10) + (-40)/(-25). Suppose 5*c = y*c, 2*a - c - 4 = 0. Suppose 0 = 2*j + 5*j - 42. Calculate the remainder when j is divided by a.
0
Let l(o) = -o**3 + 13*o**2 - 20*o - 77. Let k(m) = -m**3 - m**2 - m - 1. Let w(y) = 2*k(y) - l(y). What is the remainder when w(-16) is divided by 3?
1
Calculate the remainder when 194 + 3 + -9 - 11 is divided by 16.
1
Let m = 487 - 274. Let w = -175 + m. What is the remainder when w is divided by 8?
6
Suppose 2*n = 5*d + 610, n + 5*d - 117 = 188. Let j be n/15 - 3/9. Calculate the remainder when 139 is divided by -4 - (3 - 21/5)*j.
19
Suppose -8*u - 139*o + 135*o + 2856 = 0, u = o + 351. What is the remainder when u is divided by 177?
1
Let z(q) = 3*q + 24. Let h be z(-6). Let y = h - 1. Suppose 3*m = y*m - 40. Calculate the remainder when m is divided by 6.
2
Suppose 38 - 90 = -3*v + 2*j, -48 = -2*v - 2*j. Calculate the remainder when 1492 is divided by v.
12
Suppose 6 - 1 = 5*f, -z - 3*f + 138 = 0. Calculate the remainder when 255 is divided by z.
120
Let c(o) = 584*o - 2986. What is the remainder when c(9) is divided by 60?
50
Let r = 44029 + -44003. Calculate the remainder when 2909 is divided by r.
23
Suppose 3*x + 2*l = 47, 9*l - 4*l - 24 = -2*x. Calculate the remainder when 271 is divided by x.
16
Suppose -22*n + 994 - 4 = 0. Suppose -8*p + n = -131. Calculate the remainder when p is divided by ((-2)/3)/(2/(-18)).
4
Let x(m) = -2*m**2 + 82*m - 500. Let l(t) = t**2 - 6*t + 1. Suppose 0 = 4*y + 4, -5*y + 16 = 2*b + b. What is the remainder when x(33) is divided by l(b)?
4
Let k = -1 - -10. Suppose -r - k = -44. Suppose r*v - 31*v = 36. What is the remainder when 62 is divided by v?
8
Suppose -4431*s + 4444*s = 858. Suppose -p - 3*r + 584 = 0, 4*p + 0*r - 2366 = -2*r. Calculate the remainder when p is divided by s.
65
Let c = -14 + -101. Let r = -62 - c. Suppose -15 = 2*x - r. What is the remainder when x is divided by 4?
3
Suppose c = 0, 7*l - 60 = 4*l - 3*c. Let y(d) = -2*d**2 + 43*d - 23. What is the remainder when 146 is divided by y(l)?
35
Suppose 2*p = -2*p + 156. Calculate the remainder when p is divided by 76/(-152) - (-69)/6.
6
Let p be 1*(-57)/(-6) - (-1)/(-2). Let q(a) = a**2 - 9*a - 1. Let z be q(p). What is the remainder when 44 is divided by (5 + 12)*z/(-1)?
10
Let b = 79 + -42. Let p = 39 - b. Suppose -10 = p*c - 38. Calculate the remainder when c is divided by 8.
6
Let r(w) = -5*w. Suppose -4*f + 4684 = 15*i, -4*f + 260 = 2*i - 368. What is the remainder when i is divided by r(-7)?
32
Suppose 46 = -635*u + 636*u. Suppose -u = -2*a - 2*x, 3*a - 3*x - 38 = 43. Calculate the remainder when 130 is divided by a.
5
Let w be 48/(-88) + (-3)/(-33)*2316. Calculate the remainder when 441 is divided by (1110/w)/(2/28).
71
Let j(m) = 8*m - 104. Let d be j(23). Suppose 513 = -d*k + 83*k. What is the remainder when k is divided by 29?
26
Suppose 4*l = 2*k + 3554, 875 = -7*l + 8*l + 4*k. Let o = l - 459. What is the remainder when o is divided by 33?
32
Suppose 0 = 54*w - 24535 - 80171. What is the remainder when w is divided by 97?
96
Let z = -176 - -251. Let l = 102 - 158. Let y = l + z. What is the remainder when 70 is divided by y?
13
Let u = -100 - -103. Suppose i + u*x - 8*x = 495, 0 = -4*i + x + 1999. Suppose i = 2*s + 2*s. Calculate the remainder when s is divided by 42.
41
Suppose 0 = 658*m - 663*m + 65. Calculate the remainder when 142 is divided by m.
12
Suppose 1935*l = 1946*l - 891. What is the remainder when 2105 is divided by l?
80
Suppose -11 = -5*y + 239. Suppose -54*o + y = -52*o. Suppose 0*w = 2*w - 148. Calculate the remainder when w is divided by o.
24
Let m(x) be the second derivative of -5*x**3/6 + 19*x**2 + 2*x. Let v be m(-7). Let n = v - 55. Calculate the remainder when 29 is divided by n.
11
Let n(u) = -u**3 - u**2 + 8*u + 5. Let a be n(-3). Let s(j) = -10*j**3 + 2*j + 2. What is the remainder when 54 is divided by s(a)?
4
Let y be (138/(-12))/(2/(-28)). Suppose 164*a - 273 = y*a. What is the remainder when a is divided by 26?
1